{"id":998,"date":"2026-04-28T15:45:05","date_gmt":"2026-04-28T13:45:05","guid":{"rendered":"https:\/\/www.tv-floersheim.de\/?page_id=998"},"modified":"2026-04-28T15:45:34","modified_gmt":"2026-04-28T13:45:34","slug":"hatha-yoga","status":"publish","type":"page","link":"https:\/\/www.tv-floersheim.de\/?page_id=998","title":{"rendered":"Hatha Yoga"},"content":{"rendered":"\n<p><strong>Gesundheitliches \u2013 k\u00f6rperorientiertes Yoga<\/strong><\/p>\n\n\n\n<p>Dieser Hatha-Yoga-Kurs verbindet:<\/p>\n\n\n\n<ul class=\"wp-block-list\">\n<li>\ud83e\uddd8&nbsp;<strong>Sanfte Dehnung &amp; gezielte Kr\u00e4ftigung<\/strong><\/li>\n\n\n\n<li>\ud83c\udf3f&nbsp;<strong>Punktuelles Weiten der Faszien<\/strong>,&nbsp;<strong>abgestimmt auf die jeweiligen \u00dcbungen<\/strong><\/li>\n\n\n\n<li>\ud83e\uddcd&nbsp;<strong>Verbesserung der K\u00f6rperwahrnehmung und -ausrichtung<\/strong><\/li>\n\n\n\n<li>\ud83d\udca8&nbsp;<strong>Bewusste Atmung und achtsame Bewegungsf\u00fchrung<\/strong><\/li>\n<\/ul>\n\n\n\n<p>Der Kurs eignet sich f\u00fcr alle, die ihrem K\u00f6rper etwas Gutes tun m\u00f6chten \u2013 unabh\u00e4ngig von Alter oder Vorerfahrung.<\/p>\n\n\n\n<p>Wichtig:  Aus hygienischen Gr\u00fcnden bitte selbst mitbringen: 1 Yoga-Gurt, 2 Yoga-Bl\u00f6cke aus Kork, eine feste Decke, eine Matte.<\/p>\n\n\n\n<p><strong>Ort:<\/strong>&nbsp;Mehrzweckraum, Artelbr\u00fcckstra\u00dfe 21, Fl\u00f6rsheim<br><strong>Zeit:<\/strong>&nbsp;mittwochs 18:45 \u2013 19:45 Uhr<br><strong>Trainerin:<\/strong>&nbsp;Sabine Heymanns<\/p>\n\n\n\n<p>\ud83d\udcde\u00a0<strong>Anmeldung bei Sabine Heymanns &#8211; WhatsApp: 0163 846 53 99 oder Gerit Kaus &#8211; WhatsApp: 0173 344 81 61<\/strong><\/p>\n","protected":false},"excerpt":{"rendered":"<p>Gesundheitliches \u2013 k\u00f6rperorientiertes Yoga Dieser Hatha-Yoga-Kurs verbindet: Der Kurs eignet sich f\u00fcr alle, die ihrem K\u00f6rper etwas Gutes tun m\u00f6chten \u2013 unabh\u00e4ngig von Alter oder Vorerfahrung. Wichtig: Aus hygienischen Gr\u00fcnden [&hellip;]<\/p>\n","protected":false},"author":4,"featured_media":0,"parent":0,"menu_order":0,"comment_status":"closed","ping_status":"closed","template":"","meta":{"footnotes":""},"class_list":["post-998","page","type-page","status-publish","hentry"],"_links":{"self":[{"href":"https:\/\/www.tv-floersheim.de\/index.php?rest_route=\/wp\/v2\/pages\/998","targetHints":{"allow":["GET"]}}],"collection":[{"href":"https:\/\/www.tv-floersheim.de\/index.php?rest_route=\/wp\/v2\/pages"}],"about":[{"href":"https:\/\/www.tv-floersheim.de\/index.php?rest_route=\/wp\/v2\/types\/page"}],"author":[{"embeddable":true,"href":"https:\/\/www.tv-floersheim.de\/index.php?rest_route=\/wp\/v2\/users\/4"}],"replies":[{"embeddable":true,"href":"https:\/\/www.tv-floersheim.de\/index.php?rest_route=%2Fwp%2Fv2%2Fcomments&post=998"}],"version-history":[{"count":2,"href":"https:\/\/www.tv-floersheim.de\/index.php?rest_route=\/wp\/v2\/pages\/998\/revisions"}],"predecessor-version":[{"id":1000,"href":"https:\/\/www.tv-floersheim.de\/index.php?rest_route=\/wp\/v2\/pages\/998\/revisions\/1000"}],"wp:attachment":[{"href":"https:\/\/www.tv-floersheim.de\/index.php?rest_route=%2Fwp%2Fv2%2Fmedia&parent=998"}],"curies":[{"name":"wp","href":"https:\/\/api.w.org\/{rel}","templated":true}]}}

<p><strong>Gesundheitliches – körperorientiertes Yoga</strong></p>



<p>Dieser Hatha-Yoga-Kurs verbindet:</p>



<ul class="wp-block-list">
<li>🧘&nbsp;<strong>Sanfte Dehnung &amp; gezielte Kräftigung</strong></li>



<li>🌿&nbsp;<strong>Punktuelles Weiten der Faszien</strong>,&nbsp;<strong>abgestimmt auf die jeweiligen Übungen</strong></li>



<li>🧍&nbsp;<strong>Verbesserung der Körperwahrnehmung und -ausrichtung</strong></li>



<li>💨&nbsp;<strong>Bewusste Atmung und achtsame Bewegungsführung</strong></li>
</ul>



<p>Der Kurs eignet sich für alle, die ihrem Körper etwas Gutes tun möchten – unabhängig von Alter oder Vorerfahrung.</p>



<p>Wichtig:  Aus hygienischen Gründen bitte selbst mitbringen: 1 Yoga-Gurt, 2 Yoga-Blöcke aus Kork, eine feste Decke, eine Matte.</p>



<p><strong>Ort:</strong>&nbsp;Mehrzweckraum, Artelbrückstraße 21, Flörsheim<br><strong>Zeit:</strong>&nbsp;mittwochs 18:45 – 19:45 Uhr<br><strong>Trainerin:</strong>&nbsp;Sabine Heymanns</p>



<p>📞 <strong>Anmeldung bei Sabine Heymanns &#8211; WhatsApp: 0163 846 53 99 oder Gerit Kaus &#8211; WhatsApp: 0173 344 81 61</strong></p>

<p>Gesundheitliches – körperorientiertes Yoga Dieser Hatha-Yoga-Kurs verbindet: Der Kurs eignet sich für alle, die ihrem Körper etwas Gutes tun möchten – unabhängig von Alter oder Vorerfahrung. Wichtig: Aus hygienischen Gründen [&hellip;]</p>
