{"id":991,"date":"2026-04-28T15:29:43","date_gmt":"2026-04-28T13:29:43","guid":{"rendered":"https:\/\/www.tv-floersheim.de\/?page_id=991"},"modified":"2026-04-28T15:29:43","modified_gmt":"2026-04-28T13:29:43","slug":"faszientraining","status":"publish","type":"page","link":"https:\/\/www.tv-floersheim.de\/?page_id=991","title":{"rendered":"Faszientraining"},"content":{"rendered":"\n<p><strong>Beweglich. Elastisch. Vital.<\/strong><\/p>\n\n\n\n<p>Faszien sind ein netzartiges Bindegewebe, das Muskeln, Organe und Nerven umh\u00fcllt und den gesamten K\u00f6rper durchzieht. Sie&nbsp;<strong>stabilisieren, verbinden und st\u00fctzen<\/strong>&nbsp;unsere Strukturen.<br>Durch Bewegungsmangel und Fehlhaltungen im Alltag k\u00f6nnen Faszien verkleben oder verh\u00e4rten.<\/p>\n\n\n\n<p>In diesem Kurs:<\/p>\n\n\n\n<ul class=\"wp-block-list\">\n<li>\u2714\ufe0f&nbsp;arbeiten wir gezielt an den faszialen Strukturen<\/li>\n\n\n\n<li>\u2714\ufe0f&nbsp;l\u00f6sen Verspannungen und Blockaden<\/li>\n\n\n\n<li>\u2714\ufe0f&nbsp;f\u00f6rdern Bewegungsfreiheit und Elastizit\u00e4t<\/li>\n\n\n\n<li>\u2714\ufe0f&nbsp;steigern Wohlbefinden und Vitalit\u00e4t<\/li>\n<\/ul>\n\n\n\n<p>Der Kurs ist f\u00fcr alle geeignet \u2013 unabh\u00e4ngig von Alter oder Trainingsstand.<\/p>\n\n\n\n<p>Wichtig: Aus hygienischen Gr\u00fcnden bitte selbst mitbringen: 2 Yoga-Bl\u00f6cke aus Kork, ein Holzkochl\u00f6ffel, eine feste Decke, ein festes Kissen, eine Matte.<\/p>\n\n\n\n<p><strong>Wo:<\/strong>&nbsp;Mehrzweckraum, Artelbr\u00fcckstra\u00dfe 21, Fl\u00f6rsheim, Hintereingang im Garten<br><strong>Wann:<\/strong>&nbsp;mittwochs, 17:30 \u2013 18:30 Uhr<br><strong>Trainerin:<\/strong>&nbsp;Sabine Heymanns<\/p>\n\n\n\n<p>\ud83d\udcde&nbsp;<strong>Anmeldung bei Sabine Heymanns &#8211; WhatsApp: 0163 846 53 99 oder Gerit Kaus &#8211; WhatsApp: 0173 344 81 61<\/strong><\/p>\n","protected":false},"excerpt":{"rendered":"<p>Beweglich. Elastisch. Vital. Faszien sind ein netzartiges Bindegewebe, das Muskeln, Organe und Nerven umh\u00fcllt und den gesamten K\u00f6rper durchzieht. Sie&nbsp;stabilisieren, verbinden und st\u00fctzen&nbsp;unsere Strukturen.Durch Bewegungsmangel und Fehlhaltungen im Alltag k\u00f6nnen [&hellip;]<\/p>\n","protected":false},"author":4,"featured_media":0,"parent":0,"menu_order":0,"comment_status":"closed","ping_status":"closed","template":"","meta":{"footnotes":""},"class_list":["post-991","page","type-page","status-publish","hentry"],"_links":{"self":[{"href":"https:\/\/www.tv-floersheim.de\/index.php?rest_route=\/wp\/v2\/pages\/991","targetHints":{"allow":["GET"]}}],"collection":[{"href":"https:\/\/www.tv-floersheim.de\/index.php?rest_route=\/wp\/v2\/pages"}],"about":[{"href":"https:\/\/www.tv-floersheim.de\/index.php?rest_route=\/wp\/v2\/types\/page"}],"author":[{"embeddable":true,"href":"https:\/\/www.tv-floersheim.de\/index.php?rest_route=\/wp\/v2\/users\/4"}],"replies":[{"embeddable":true,"href":"https:\/\/www.tv-floersheim.de\/index.php?rest_route=%2Fwp%2Fv2%2Fcomments&post=991"}],"version-history":[{"count":2,"href":"https:\/\/www.tv-floersheim.de\/index.php?rest_route=\/wp\/v2\/pages\/991\/revisions"}],"predecessor-version":[{"id":993,"href":"https:\/\/www.tv-floersheim.de\/index.php?rest_route=\/wp\/v2\/pages\/991\/revisions\/993"}],"wp:attachment":[{"href":"https:\/\/www.tv-floersheim.de\/index.php?rest_route=%2Fwp%2Fv2%2Fmedia&parent=991"}],"curies":[{"name":"wp","href":"https:\/\/api.w.org\/{rel}","templated":true}]}}

<p><strong>Beweglich. Elastisch. Vital.</strong></p>



<p>Faszien sind ein netzartiges Bindegewebe, das Muskeln, Organe und Nerven umhüllt und den gesamten Körper durchzieht. Sie&nbsp;<strong>stabilisieren, verbinden und stützen</strong>&nbsp;unsere Strukturen.<br>Durch Bewegungsmangel und Fehlhaltungen im Alltag können Faszien verkleben oder verhärten.</p>



<p>In diesem Kurs:</p>



<ul class="wp-block-list">
<li>✔️&nbsp;arbeiten wir gezielt an den faszialen Strukturen</li>



<li>✔️&nbsp;lösen Verspannungen und Blockaden</li>



<li>✔️&nbsp;fördern Bewegungsfreiheit und Elastizität</li>



<li>✔️&nbsp;steigern Wohlbefinden und Vitalität</li>
</ul>



<p>Der Kurs ist für alle geeignet – unabhängig von Alter oder Trainingsstand.</p>



<p>Wichtig: Aus hygienischen Gründen bitte selbst mitbringen: 2 Yoga-Blöcke aus Kork, ein Holzkochlöffel, eine feste Decke, ein festes Kissen, eine Matte.</p>



<p><strong>Wo:</strong>&nbsp;Mehrzweckraum, Artelbrückstraße 21, Flörsheim, Hintereingang im Garten<br><strong>Wann:</strong>&nbsp;mittwochs, 17:30 – 18:30 Uhr<br><strong>Trainerin:</strong>&nbsp;Sabine Heymanns</p>



<p>📞&nbsp;<strong>Anmeldung bei Sabine Heymanns &#8211; WhatsApp: 0163 846 53 99 oder Gerit Kaus &#8211; WhatsApp: 0173 344 81 61</strong></p>

<p>Beweglich. Elastisch. Vital. Faszien sind ein netzartiges Bindegewebe, das Muskeln, Organe und Nerven umhüllt und den gesamten Körper durchzieht. Sie&nbsp;stabilisieren, verbinden und stützen&nbsp;unsere Strukturen.Durch Bewegungsmangel und Fehlhaltungen im Alltag können [&hellip;]</p>
