{"id":75,"date":"2016-07-23T21:03:32","date_gmt":"2016-07-23T21:03:32","guid":{"rendered":"http:\/\/turnverein-floersheim.de\/?page_id=75"},"modified":"2024-05-24T16:38:06","modified_gmt":"2024-05-24T14:38:06","slug":"diabetes-sportgruppe","status":"publish","type":"page","link":"https:\/\/www.tv-floersheim.de\/?page_id=75","title":{"rendered":"Diabetessport"},"content":{"rendered":"<p>Seit M\u00e4rz 2007 gibt es beim TV Fl\u00f6rsheim eine Sportgruppe f\u00fcr an Diabetes mellitus erkrankte Menschen (Typ I und Typ II &#8211; Diabetiker). Unter qualifizierter Anleitung soll mit Hilfe von k\u00f6rperlicher Bewegung den Begleiterkrankungen und Folgesch\u00e4den der Diabetes mellitus entgegengewirkt werden, um die k\u00f6rperliche Belastbarkeit dauerhaft zu erhalten bzw. zu steigern. Gymnastik, Bewegungsabl\u00e4ufe, Gleichgewichtstraining, Entspannung, Spiele in verschiedenen Formen sowie das pers\u00f6nliche Gespr\u00e4ch und der Erfahrungsaustausch unter den Teilnehmern geh\u00f6ren ebenso zum Stundeninhalt wie regelm\u00e4\u00dfige Blutzuckermessung und Blutdruckkontrolle. Das Sich-wohl-f\u00fchlen in einer Gruppe, die gemeinsam Sport treibt, kann den Blutzuckerspiegel erheblich verbessern.<\/p>\n<p>Regelm\u00e4\u00dfige Informationsveranstaltungen sowie eine \u00e4rztliche Betreuung erg\u00e4nzen das Angebot. Die \u00dcbungsstunden finden immer <strong>mittwochs 10-11 Uhr<\/strong> im <strong>&#8222;Mehrzweckraum&#8220; <\/strong>der Artelbr\u00fcckstra\u00dfe 22, im Erdgeschoss statt.<\/p>\n<p>Die Diabetes-Sportgruppe besitzt das Qualit\u00e4tssiegel \u201eReha-Sportgruppe, zertifiziert und anerkannt\u201c des Deutschen Behindertensportverbandes.<\/p>\n<p>Voraussetzungen zur Teilnahme am Diabetessport ist ein Antrag zur Kosten\u00fcbernahme von Rehabilitationssport (Formular 56). Entsprechende Formulare sind jederzeit w\u00e4hrend der \u00dcbungsstunden oder bei der Abteilungsleiterin erh\u00e4ltlich.<\/p>\n<p>Weitere Informationen gibt es w\u00e4hrend der \u00dcbungsstunden oder bei der Abteilungsleiterin<br \/>\nChristine Rhein<br \/>\nTel. 06145 &#8211; 7276 oder<br \/>\nE-Mail: <a href=\"mailto:Christine.Rhein@TV-Floersheim.de\">Christine.Rhein@TV-Floersheim.de<\/a><\/p>\n","protected":false},"excerpt":{"rendered":"<p>Seit M\u00e4rz 2007 gibt es beim TV Fl\u00f6rsheim eine Sportgruppe f\u00fcr an Diabetes mellitus erkrankte Menschen (Typ I und Typ II &#8211; Diabetiker). Unter qualifizierter Anleitung soll mit Hilfe von [&hellip;]<\/p>\n","protected":false},"author":2,"featured_media":0,"parent":0,"menu_order":0,"comment_status":"closed","ping_status":"closed","template":"","meta":{"footnotes":""},"class_list":["post-75","page","type-page","status-publish","hentry"],"_links":{"self":[{"href":"https:\/\/www.tv-floersheim.de\/index.php?rest_route=\/wp\/v2\/pages\/75","targetHints":{"allow":["GET"]}}],"collection":[{"href":"https:\/\/www.tv-floersheim.de\/index.php?rest_route=\/wp\/v2\/pages"}],"about":[{"href":"https:\/\/www.tv-floersheim.de\/index.php?rest_route=\/wp\/v2\/types\/page"}],"author":[{"embeddable":true,"href":"https:\/\/www.tv-floersheim.de\/index.php?rest_route=\/wp\/v2\/users\/2"}],"replies":[{"embeddable":true,"href":"https:\/\/www.tv-floersheim.de\/index.php?rest_route=%2Fwp%2Fv2%2Fcomments&post=75"}],"version-history":[{"count":4,"href":"https:\/\/www.tv-floersheim.de\/index.php?rest_route=\/wp\/v2\/pages\/75\/revisions"}],"predecessor-version":[{"id":816,"href":"https:\/\/www.tv-floersheim.de\/index.php?rest_route=\/wp\/v2\/pages\/75\/revisions\/816"}],"wp:attachment":[{"href":"https:\/\/www.tv-floersheim.de\/index.php?rest_route=%2Fwp%2Fv2%2Fmedia&parent=75"}],"curies":[{"name":"wp","href":"https:\/\/api.w.org\/{rel}","templated":true}]}}