{"id":610,"date":"2022-01-14T08:12:49","date_gmt":"2022-01-14T07:12:49","guid":{"rendered":"https:\/\/www.tv-floersheim.de\/?page_id=610"},"modified":"2024-05-24T16:42:28","modified_gmt":"2024-05-24T14:42:28","slug":"post-covid","status":"publish","type":"page","link":"https:\/\/www.tv-floersheim.de\/?page_id=610","title":{"rendered":"Post-Covid"},"content":{"rendered":"\n<p>Der TV Fl\u00f6rsheim hat sein Angebot im Bereich Rehabilitationssport seit Sommer 2021 um eine Sportgruppe f\u00fcr Menschen mit \u201ePost-COVID-Syndrom\u201c erweitert. In Deutschland gelten rund 90% der COVID-19-PatientInnen als \u201egenesen\u201c. Die bisherigen Erfahrungen zeigen allerdings, dass auch nach Abklingen der Akutbeschwerden einer Corona-Infektion, zum Teil erst nach mehreren Wochen, eine Beeintr\u00e4chtigung verschiedener Organe auftreten kann. Insbesondere Symptome wie chronische M\u00fcdigkeit, Konzentrationsschwierigkeiten, Luftnot, Husten oder Herzprobleme sind h\u00e4ufiger zu beobachten.<\/p>\n\n\n\n<p>Bei dem Angebot des TV Fl\u00f6rsheim handelt es sich um \u00e4rztlich verordneten Rehabilitationssport; dies bedeutet, dass f\u00fcr eine Teilnahme eine \u00e4rztliche Verordnung, welche von der Krankenkasse genehmigt wurde, vorliegen muss.<\/p>\n\n\n\n<p>Inhalte des Trainingsprogramms sind ein Mix aus Herz-Kreislauftraining, Kr\u00e4ftigungs- und Beweglichkeits\u00fcbungen sowie die M\u00f6glichkeit eines Austauschs untereinander. Die Leiterin der Stunde wird sich an den individuellen Voraussetzungen und Bed\u00fcrfnissen der TeilnehmerInnen orientieren. Unser Ziel ist es, allen eine Hilfestellung und F\u00f6rderung anzubieten und keinen zu \u00fcberfordern.<\/p>\n\n\n\n<p>Die \u00dcbungsstunden finden unter fachkundiger Anleitung immer mittwochs von 11:00-12:00 Uhr im &#8222;Mehrzweckraum&#8220;, Artelbr\u00fcckstra\u00dfe 22, im Erdgeschoss statt.<\/p>\n\n\n\n<p>Weitere Informationen gibt es w\u00e4hrend der \u00dcbungsstunden oder bei der Abteilungsleiterin<br>Christine Rhein<br>Tel. 06145 &#8211; 7276 oder<br>E-Mail: <a href=\"mailto:Christine.Rhein@TV-Floersheim.de\">Christine.Rhein@TV-Floersheim.de<\/a><\/p>\n","protected":false},"excerpt":{"rendered":"<p>Der TV Fl\u00f6rsheim hat sein Angebot im Bereich Rehabilitationssport seit Sommer 2021 um eine Sportgruppe f\u00fcr Menschen mit \u201ePost-COVID-Syndrom\u201c erweitert. In Deutschland gelten rund 90% der COVID-19-PatientInnen als \u201egenesen\u201c. Die [&hellip;]<\/p>\n","protected":false},"author":4,"featured_media":0,"parent":0,"menu_order":0,"comment_status":"closed","ping_status":"closed","template":"","meta":{"footnotes":""},"class_list":["post-610","page","type-page","status-publish","hentry"],"_links":{"self":[{"href":"https:\/\/www.tv-floersheim.de\/index.php?rest_route=\/wp\/v2\/pages\/610","targetHints":{"allow":["GET"]}}],"collection":[{"href":"https:\/\/www.tv-floersheim.de\/index.php?rest_route=\/wp\/v2\/pages"}],"about":[{"href":"https:\/\/www.tv-floersheim.de\/index.php?rest_route=\/wp\/v2\/types\/page"}],"author":[{"embeddable":true,"href":"https:\/\/www.tv-floersheim.de\/index.php?rest_route=\/wp\/v2\/users\/4"}],"replies":[{"embeddable":true,"href":"https:\/\/www.tv-floersheim.de\/index.php?rest_route=%2Fwp%2Fv2%2Fcomments&post=610"}],"version-history":[{"count":4,"href":"https:\/\/www.tv-floersheim.de\/index.php?rest_route=\/wp\/v2\/pages\/610\/revisions"}],"predecessor-version":[{"id":818,"href":"https:\/\/www.tv-floersheim.de\/index.php?rest_route=\/wp\/v2\/pages\/610\/revisions\/818"}],"wp:attachment":[{"href":"https:\/\/www.tv-floersheim.de\/index.php?rest_route=%2Fwp%2Fv2%2Fmedia&parent=610"}],"curies":[{"name":"wp","href":"https:\/\/api.w.org\/{rel}","templated":true}]}}